{"id":1813,"date":"2019-09-03T15:49:20","date_gmt":"2019-09-03T13:49:20","guid":{"rendered":"https:\/\/nathalieborderie.fr\/?page_id=1813"},"modified":"2020-10-02T19:14:40","modified_gmt":"2020-10-02T17:14:40","slug":"contactez-nous","status":"publish","type":"page","link":"https:\/\/nathalieborderie.fr\/index.php\/contactez-nous\/","title":{"rendered":"Contactez-nous"},"content":{"rendered":"\t\t<div data-elementor-type=\"wp-post\" data-elementor-id=\"1813\" class=\"elementor elementor-1813\" data-elementor-settings=\"[]\">\n\t\t\t\t\t\t<div class=\"elementor-inner\">\n\t\t\t\t\t\t\t<div class=\"elementor-section-wrap\">\n\t\t\t\t\t\t\t<section class=\"elementor-section elementor-top-section elementor-element elementor-element-bfc58db elementor-section-boxed elementor-section-height-default elementor-section-height-default\" data-id=\"bfc58db\" data-element_type=\"section\" data-settings=\"{&quot;background_background&quot;:&quot;classic&quot;}\">\n\t\t\t\t\t\t<div class=\"elementor-container elementor-column-gap-default\">\n\t\t\t\t\t\t\t<div class=\"elementor-row\">\n\t\t\t\t\t<div class=\"elementor-column elementor-col-100 elementor-top-column elementor-element elementor-element-5afcbd1\" data-id=\"5afcbd1\" data-element_type=\"column\">\n\t\t\t<div class=\"elementor-column-wrap elementor-element-populated\">\n\t\t\t\t\t\t\t<div class=\"elementor-widget-wrap\">\n\t\t\t\t\t\t<div class=\"elementor-element elementor-element-632f55c elementor-widget elementor-widget-heading\" data-id=\"632f55c\" data-element_type=\"widget\" data-widget_type=\"heading.default\">\n\t\t\t\t<div class=\"elementor-widget-container\">\n\t\t\t<h2 class=\"elementor-heading-title elementor-size-default\">Votre message<\/h2>\t\t<\/div>\n\t\t\t\t<\/div>\n\t\t\t\t<div class=\"elementor-element elementor-element-ec39081 elementor-widget elementor-widget-shortcode\" data-id=\"ec39081\" data-element_type=\"widget\" data-widget_type=\"shortcode.default\">\n\t\t\t\t<div class=\"elementor-widget-container\">\n\t\t\t\t\t<div class=\"elementor-shortcode\"><div id=\"simple-contact-form-wrap\">\n\t\t<div id=\"simple-contact-form\" class=\"scf\">\n\t\t\t<form action=\"#simple-contact-form-wrap\" method=\"post\">\n\t\t\t\t<fieldset class=\"scf-name\">\n\t\t\t\t\t<label for=\"scf_name\">Votre Nom<\/label>\n\t\t\t\t\t<input name=\"scf_name\" id=\"scf_name\" type=\"text\" size=\"33\" maxlength=\"99\" value=\"\" placeholder=\"Votre Nom\" \/>\n\t\t\t\t<\/fieldset>\n\t\t\t\t<fieldset class=\"scf-email\">\n\t\t\t\t\t<label for=\"scf_email\">Votre Email<\/label>\n\t\t\t\t\t<input name=\"scf_email\" id=\"scf_email\" type=\"text\" size=\"33\" maxlength=\"99\" value=\"\" placeholder=\"Votre Email\" \/>\n\t\t\t\t<\/fieldset>\n        <fieldset class=\"scf-confirm-email\">\n\t\t\t<label for=\"scf_confirm_email\">Confirm Your Email<\/label>\n\t\t\t<input name=\"scf_confirm_email\" id=\"scf_confirm_email\" type=\"text\" size=\"33\" maxlength=\"99\" value=\"\" placeholder=\"Confirm Your Email\" \/>\n\t\t<\/fieldset>\n\t\t\t\t<fieldset class=\"scf-response\">\n\t\t\t\t\t<label for=\"scf_response\">1 + 1 =<\/label>\n\t\t\t\t\t<input name=\"scf_response\" id=\"scf_response\" type=\"text\" size=\"33\" maxlength=\"99\" value=\"\" placeholder=\"R\u00e9ponse correct\" \/>\n\t\t\t\t<\/fieldset>\n\t\t\t\t<fieldset class=\"scf-message\">\n\t\t\t\t\t<label for=\"scf_message\">Votre Message<\/label>\n\t\t\t\t\t<textarea name=\"scf_message\" id=\"scf_message\" cols=\"33\" rows=\"7\" placeholder=\"Votre Message\"><\/textarea>\n\t\t\t\t<\/fieldset><div class=\"scf-submit\">\n\t\t\t\t\t<input type=\"submit\" id=\"scf-button\" value=\"Envoyer\">\n\t\t\t\t\t<input type=\"hidden\" id=\"scf-key\" name=\"scf-key\" value=\"process\">\n\t\t\t\t\t<input type=\"hidden\" id=\"scf-nonce\" name=\"scf-nonce\" value=\"6e4cb38977\" \/>\n\t\t\t\t<\/div>\t<div class=\"scf-confirm-checkbox\">\n\t\t<input type=\"checkbox\" required>  Je consens \u00e0 ce que ce site Web stocke les informations que j'ai soumises afin qu'il puisse r\u00e9pondre \u00e0 ma demande.\t<\/div><!-- .scf-confirm-checkbox -->\n\t<\/form>\n\t\t<\/div>\n\t\t<style>#simple-contact-form form { max-width: 900px; padding: 5px; } #simple-contact-form fieldset { width: 100%; overflow: hidden; margin: 5px 0; padding: 5px 0; border: 0; } #simple-contact-form fieldset input { box-sizing: border-box; float: left; clear: none; width: 75%; margin: 0; } #simple-contact-form fieldset label { box-sizing: border-box; float: left; clear: both; width: 25%; margin-top: 5px; font-size: 90%; } #simple-contact-form fieldset textarea { box-sizing: border-box; float: left; clear: both; width: 100%; margin-top: 2px; } #scf_success pre { white-space: pre-wrap; } p.scf_error, p.scf_spam { color: #cc0000; } div.scf-submit { margin-top: 10px; } p.scf_success { color: #669966; } .scf-confirm-checkbox { margin-top: 15px; } .scf-website3dhhsy3 { display: none; } .scf-confirm-checkbox { margin-top: 15px; } .scf-website3dhhsy3 { display: none; }<\/style><div style=\"clear:both\">&nbsp;<\/div><\/div><\/div>\n\t\t\t\t<\/div>\n\t\t\t\t<\/div>\n\t\t\t\t\t\t<\/div>\n\t\t\t\t\t<\/div>\n\t\t<\/div>\n\t\t\t\t\t\t\t\t<\/div>\n\t\t\t\t\t<\/div>\n\t\t<\/section>\n\t\t\t\t\t\t<\/div>\n\t\t\t\t\t\t<\/div>\n\t\t\t\t\t<\/div>\n\t\t","protected":false},"excerpt":{"rendered":"<p>Votre message<\/p>\n","protected":false},"author":2,"featured_media":0,"parent":0,"menu_order":0,"comment_status":"closed","ping_status":"closed","template":"elementor_header_footer","meta":[],"_links":{"self":[{"href":"https:\/\/nathalieborderie.fr\/index.php\/wp-json\/wp\/v2\/pages\/1813"}],"collection":[{"href":"https:\/\/nathalieborderie.fr\/index.php\/wp-json\/wp\/v2\/pages"}],"about":[{"href":"https:\/\/nathalieborderie.fr\/index.php\/wp-json\/wp\/v2\/types\/page"}],"author":[{"embeddable":true,"href":"https:\/\/nathalieborderie.fr\/index.php\/wp-json\/wp\/v2\/users\/2"}],"replies":[{"embeddable":true,"href":"https:\/\/nathalieborderie.fr\/index.php\/wp-json\/wp\/v2\/comments?post=1813"}],"version-history":[{"count":6,"href":"https:\/\/nathalieborderie.fr\/index.php\/wp-json\/wp\/v2\/pages\/1813\/revisions"}],"predecessor-version":[{"id":2802,"href":"https:\/\/nathalieborderie.fr\/index.php\/wp-json\/wp\/v2\/pages\/1813\/revisions\/2802"}],"wp:attachment":[{"href":"https:\/\/nathalieborderie.fr\/index.php\/wp-json\/wp\/v2\/media?parent=1813"}],"curies":[{"name":"wp","href":"https:\/\/api.w.org\/{rel}","templated":true}]}}